030440?
-1031044
In base 16, what is -5f + -7b?
-da
In base 6, what is 3 + -4532430?
-4532423
In base 9, what is 731 + 1187?
2028
In base 10, what is -137701 + 19?
-137682
In base 11, what is 6336 + -174?
6172
In base 8, what is -5 + 717071?
717064
In base 13, what is 2c88 + 152?
310a
In base 15, what is 13 + 244?
257
In base 7, what is 1 - -6631?
6632
In base 5, what is 0 - -22422424?
22422424
In base 9, what is -10502 - -2?
-10500
In base 13, what is -606 + -3?
-609
In base 13, what is 334 - 7?
32a
In base 10, what is -2 + 1961298?
1961296
In base 7, what is -12624 + 1?
-12623
In base 5, what is -10 + -1200230?
-1200240
In base 9, what is 841 - -3664?
4615
In base 16, what is -9 + 5518?
550f
In base 5, what is -124133 - 431?
-130114
In base 6, what is 32 - 2402?
-2330
In base 3, what is -2 + 121222202?
121222200
In base 13, what is -75 - -507?
462
In base 6, what is -1032 + 5020?
3544
In base 8, what is 4 + -75550?
-75544
In base 12, what is 16a95 + -65?
16a30
In base 8, what is -747707 + -1?
-747710
In base 12, what is -28 - -106b?
1043
In base 3, what is -10 - -1112110222?
1112110212
In base 16, what is 2986a - 0?
2986a
In base 4, what is -1 - -321010132?
321010131
In base 15, what is -aac - 31?
-add
In base 15, what is 77 - -744?
7bb
In base 15, what is -5 + -4877?
-487c
In base 3, what is 2 - -120201012012?
120201012021
In base 7, what is -13 + -416154?
-416200
In base 16, what is 4bd3c - 0?
4bd3c
In base 2, what is 1111 - -100110011000?
100110100111
In base 6, what is -553245 + -2?
-553251
In base 11, what is 553a799 + -1?
553a798
In base 13, what is -2b93 - 8?
-2b9b
In base 10, what is 327 - 371?
-44
In base 13, what is -187 + 74?
-113
In base 2, what is -1011101 + -1011011010000110?
-1011011011100011
In base 6, what is -22 - 1204221?
-1204243
In base 16, what is -3b33 - 24?
-3b57
In base 4, what is 2211021101 + -11?
2211021030
In base 4, what is 3000022 - 2?
3000020
In base 14, what is 130a0 + 4?
130a4
In base 13, what is 619 - 69?
580
In base 12, what is -3 + 53820?
53819
In base 11, what is -40 - -864a?
860a
In base 16, what is 22893 - -5?
22898
In base 5, what is 23 + -21311141?
-21311113
In base 14, what is -8090 + b?
-8083
In base 15, what is -6463c8 + 1?
-6463c7
In base 6, what is 31 + 23002?
23033
In base 4, what is -20 + -1110123?
-1110203
In base 7, what is 266 + -362?
-63
In base 3, what is 201020221 - 200?
201020021
In base 3, what is 2122 + -1001200202?
-1001121010
In base 2, what is 1011101011 + -100111?
1011000100
In base 16, what is -409a - -7?
-4093
In base 16, what is 2 + -a7c0?
-a7be
In base 16, what is -3b59 + -4?
-3b5d
In base 5, what is -24441 - -133?
-24303
In base 3, what is 11200011 - -10012?
11210100
In base 7, what is 2 + 502644?
502646
In base 15, what is -8c82a - 1?
-8c82b
In base 4, what is 0 + -32222221?
-32222221
In base 16, what is -2 + -17c9?
-17cb
In base 16, what is -1ce - -c54?
a86
In base 16, what is -1c5c + 5?
-1c57
In base 2, what is -1101111101110111 + -1000?
-1101111101111111
In base 6, what is 200245 + -3?
200242
In base 5, what is 101 - -3214123?
3214224
In base 6, what is 3550 + -13240?
-5250
In base 12, what is a - 4069?
-405b
In base 16, what is 4 - -212ae?
212b2
In base 9, what is -5 + -156400?
-156405
In base 12, what is -84b80 - 3?
-84b83
In base 11, what is 3 - 19986?
-19983
In base 3, what is 12001211 + 12?
12002000
In base 3, what is 10020100221012 - -10?
10020100221022
In base 10, what is -14572 - 3?
-14575
In base 2, what is 11100110 + 1000111000111?
1001010101101
In base 4, what is 211 - -1013331?
1020202
In base 3, what is 21001122120 + -101?
21001122012
In base 9, what is 60345 - 5?
60340
In base 7, what is -1 - -14156415?
14156414
In base 16, what is -12 + -6d?
-7f
In base 12, what is -184 - 164?
-328
In base 10, what is -612 + -37?
-649
In base 13, what is -1722067 + 4?
-1722063
In base 13, what is 1a + 1a4?
1c1
In base 9, what is -3825 - 85?
-4021
In base 4, what is 232202222 + 0?
232202222
In base 7, what is 160 - -5061?
5251
In base 6, what is 243 - 435?
-152
In base 7, what is -1056 - 32?
-1121
In base 2, what is 101011011 - 111111?
100011100
In base 4, what is -110111203 + 2?
-110111201
In base 9, what is 2 - 25728?
-25726
In base 4, what is -221 + 12213?
11332
In base 8, what is 165 - 34420?
-34233
In base 3, what is -1021121122 + -1?
-1021121200
In base 12, what is 2a193b + 6?
2a1945
In base 4, what is -121222 - 0?
-121222
In base 11, what is 3 + 132a84?
132a87
In base 6, what is -14145250 - 10?
-14145300
In base 15, what is 586d - -4?
5872
In base 14, what is -17 + -6bd?
-6d6
In base 14, what is -4 + 45030?
4502a
In base 15, what is 0 + 4051c?
4051c
In base 7, what is 212 - 530?
-315
In base 12, what is 3393 - 3?
3390
In base 6, what is -3 + 354503?
354500
In base 13, what is -1 - 4a?
-4b
In base 3, what is 10220 - 102101?
-21111
In base 14, what is -108c - 90?
-113c
In base 8, what is 0 + -2702?
-2702
In base 16, what is 5 - 100a6c?
-100a67
In base 8, what is -500 + 11775?
11275
In base 12, what is 56 + -130?
-96
In base 5, what is 2 + 310000?
310002
In base 3, what is 201110012 - 0?
201110012
In base 8, what is 466 + -610?
-122
In base 7, what is -223535 + 3?
-223532
In base 8, what is 1 - 713454?
-713453
In base 3, what is 0 - 12101202?
-12101202
In base 9, what is 556 - -4216?
4773
In base 6, what is 10410 - -35?
10445
In base 13, what is 1 - -7030?
7031
In base 15, what is -972d9 - 1?
-972da
In base 5, what is 22034 - 403?
21131
In base 12, what is 24 + -4391?
-4369
In base 9, what is 8604 + 18?
8623
In base 13, what is 0 - 3868?
-3868
In base 5, what is 3040124 + 4?
3040133
In base 12, what is 3095 - -8?
30a1
In base 9, what is -78 - -47716?
47627
In base 3, what is 22 + 202210121?
202210220
In base 12, what is -5 - -1bbb9?
1bbb4
In base 5, what is 14 + 141321?
141340
In base 13, what is 57 + 4ac?
536
In base 14, what is -16cd7 + 4?
-16cd3
In base 13, what is -2c8 + 30a?
12
In base 5, what is -11 + 202024?
202013
In base 8, what is 1406321 + 0?
1406321
In base 6, what is -2224 + 13105?
10441
In base 15, what is -77 + -8e?
-116
In base 6, what is 3 + 242434?
242441
In base 7, what is -4 + -4615223?
-4615230
In base 16, what is -581 - -3c2?
-1bf
In base 14, what is -2a + 365?
339
In base 10, what is 27 - 5173?
-5146
In base 10, what is 0 - 2227?
-2227
In base 15, what is 28043 - -5?
28048
In base 10, what is 219074 - 5?
219069
In base 15, what is 1ecb + -9?
1ec2
In base 2, what is 100011100 - 100?
100011000
In base 16, what is 36 - -480?
4b6
In base 13, what is 8166 + 7?
8170
In base 14, what is 4 - 1a2d13?
-1a2d0d
In base 16, what is 19 - -4340?
4359
In base 13, what is 4516 - -14?
452a
In base 2, what is -110 + -101110010000?
-101110010110
In base 15, what is 518 + 112?
62a
In base 6, what is -11033 - 255?
-11332
In base 7, what is -21 + 5531?
5510
In base 11, what is 0 - 217367?
-217367
In base 12, what is 3 - 5a84?
-5a81
In base 16, what is 1440 - -1c?
145c
In base 8, what is -1634557 - 5?
-1634564
In base 16, what is 25f2 - 3?
25ef
In base 10, what is 1440 - 29?
1411
In base 3, what is 12100011 - -12122?
12112210
In base 9, what is -4353 - 213?
-4566
In base 16, what is d + b9d1?
b9de
In base 7, what is 4223043 - 3?
4223040
In base 4, what is 3 + -323012021?
-323012012
In base 5, what is -32423 + 1110?
-31313
In base 6, what is -42 - 44431?
-44513
In base 7, what is -2333410 - 1?
-2333411
In base 10, what is -34 + 1707?
1673
In base 11, what is 2 - -509aa?
50a01
In base 5, what is -10 - -40443?
40433
In base 3, what is 1100002 - -11?
1100020
In base 3, what is 20200021 + 1001?
20201022
In base 16, what is 5 + 0?
5
In base 3, what is 1110 + 1221?
10101
In base 5, what is -1140 + -41?
-1231
In base 12, what is b964 + -1?
b963
In base 5, what is -10431 - 1112?
-12043
In base 10, what is -38544 - 0?
-38544
In base 8, what is -203 + 2776?
2573
In base 14, what is 27 + 1702?
1729
In base 7, what is 12361 + 10?
12401
In base 3, what is 210 - 2000200?
-1222220
In base 9, what is 1 + 14824?
14825
In base 7, what is -4 + 152140?
152133
In base 11, what is 1842 - -20?
1862
In base 2, what is -1000010101111011 + 101?
-1000010101110110
In base 5, what is 110301 + -20?
110231
In base 4, what is 20 + 3301?
3321
In base 9, what is 1587745 - 0?
1587745
In base 3, what is 